 k + 114 = 5*r - k, 3*k - 33 = -r. What is the greatest common factor of r and 216?
24
Let m(u) = u + 1. Let a be m(2). Suppose -4*j + 21 = -a*j. Let f = 44 - 37. What is the highest common divisor of f and j?
7
Let n = 26 + -17. Suppose -5*b + 29 = -16. Calculate the greatest common divisor of b and n.
9
Suppose -2*v + 7 = -25. Calculate the greatest common factor of 48 and v.
16
Let s(g) = -g + 8. Let u be s(0). Let h(i) = -i + 16. Let t be h(0). What is the highest common divisor of u and t?
8
Suppose -z + 3*d + 11 = 0, -2*z + 4*d + 22 = 2. Let u be 8*3/6 + 2. Let b be 128*(u/z + 0). Calculate the greatest common divisor of 12 and b.
12
Suppose -4*s + 66 + 54 = 0. Calculate the highest common factor of s and 15.
15
Let n(p) = -p**2 + 5*p - 5. Let y be n(3). What is the greatest common divisor of y and 8?
1
Let y(g) = -2*g + 2. Let q be y(-3). Calculate the highest common divisor of 32 and q.
8
Let j(b) = b**2 + 18*b + 38. Let u be j(-16). Calculate the highest common divisor of u and 12.
6
Suppose -3*f = -2*f - 52. Suppose -2*h + f = -36. Calculate the greatest common factor of h and 4.
4
Let i be 50/3*6/2. Let j(s) = -6*s - 16. Let x be j(-6). What is the highest common divisor of i and x?
10
Let r = 3 - 0. Suppose 16 = -v + r*v. What is the highest common factor of 8 and v?
8
Let i be 0 + (1 + 10 - 1). Suppose 3*z = 2*f + 416, 6*z - 583 = 2*z - 3*f. Let h = z - 52. What is the greatest common factor of h and i?
10
Let i be 7 + 6*4/(-8). Calculate the greatest common divisor of i and 28.
4
Suppose 9*i - 4*i + 1 = -3*z, 0 = i + 2. Suppose -z*n + 1 + 11 = 0. What is the highest common factor of n and 1?
1
Let i(b) be the third derivative of b**5/60 - b**4/3 + b**3/2 - b**2. Let q be i(8). Let z be (-5)/3*(-27)/q. Calculate the highest common factor of 30 and z.
15
Let k = 0 + 13. Let f be ((-56)/(-35))/((-2)/(-5)). Let y be f + -5 + -3 + 56. What is the greatest common factor of y and k?
13
Suppose 4*x = 5*n - 101, -5*x = 4*n - 2*n - 14. Suppose n = 2*r - 1. What is the highest common factor of 9 and r?
9
Let f be (-2)/4*380/(-19). Let k(r) = r**3 + 9*r**2 + 3*r. Let t be k(-8). What is the highest common factor of t and f?
10
Let j(i) = i**3 - 6*i**2 + i + 1. Let k be j(6). Let c = 49 + 0. Calculate the highest common factor of k and c.
7
Suppose 0 = -3*a + 36 - 6. What is the highest common divisor of a and 90?
10
Suppose 5*s - 22 = -4*c, 2*s = 6*s + 8. Calculate the highest common divisor of 40 and c.
8
Suppose 5*l - r - 72 = -11, r = 4. What is the greatest common divisor of l and 143?
13
Let c be 2*(2 + (-762)/(-4)). What is the highest common divisor of c and 35?
35
Let u(x) = x**3 + 4*x**2 - 9*x - 8. Let p be u(-5). Suppose -3*o + 3 + 1 = -2*z, o = 4*z - p. What is the highest common factor of o and 28?
4
Suppose 5*g - 45 = -5. Let i be (-11 - -10)/((-2)/38). Suppose -15*d + i*d = 256. Calculate the greatest common divisor of d and g.
8
Suppose 4*r - 3*g - 609 = 0, 3 = -5*r + 4*g + 764. What is the greatest common factor of r and 17?
17
Suppose 0*k - 273 = -5*w - k, 267 = 5*w + 4*k. Suppose 18*b = 20*b - 22. What is the greatest common divisor of w and b?
11
Let a = -62 + 167. What is the highest common divisor of a and 35?
35
Let t be ((-6)/(-12))/(1/16). Let f = t - 5. Suppose -310 = -5*y - v, 4*v = -f*y + 6*v + 199. Calculate the greatest common divisor of y and 9.
9
Let i = -17 - -52. Calculate the greatest common divisor of 245 and i.
35
Let j(r) = 4*r + 8. Let z = -12 - -24. Let l be j(z). What is the greatest common divisor of l and 14?
14
Let y be 11 + (-1 - -2*(-3)/(-6)). Let l = 165 + -77. Calculate the greatest common factor of y and l.
11
Suppose 7*v - 8*v + 65 = 0. Suppose j = 2*j + 40. Let u = j + 66. What is the highest common factor of u and v?
13
Suppose 19 = -3*d + 61. Let p be (d - 15)/(2/(-378)). Suppose -y + 5*k = 3*k - 21, 2*k = -5*y + 105. Calculate the greatest common divisor of p and y.
21
Suppose -2*m + 25 = -7. Calculate the greatest common factor of 4 and m.
4
Let g = 3 - 0. Suppose -3*m + 0*b + 20 = 2*b, 4*m - g*b - 4 = 0. Suppose 3*h = 4*h - 2*n - 38, -m = -2*n. Calculate the greatest common factor of h and 6.
6
Suppose 0*k = 2*k - 8. Suppose 0*g - 66 = -x - k*g, 0 = -x + g + 71. What is the greatest common factor of 14 and x?
14
Let h be ((-1)/2)/(1/(-18)). Suppose 0 = 3*s - 56 + 14. Let j be 429/6 + 7/s. What is the greatest common factor of h and j?
9
Let j = 8 - -6. Suppose 6 - 42 = 4*t. Let r be 6/(-27) + (-1262)/t. What is the greatest common factor of r and j?
14
Let k(l) = -l**3 + 12*l**2 - 3*l - 7. Suppose -3*a + 2*q + 21 = -12, 4*a - 2*q = 44. Let f be k(a). Calculate the highest common factor of f and 9.
9
Suppose d = 5*p - 77, -36 = -2*p + 3*d - 0. What is the greatest common divisor of 15 and p?
15
Let b be 5/(5/(-6) + 1). Let o(k) = 24*k**2 + k. Let p be o(1). Let a = p + 20. Calculate the highest common factor of a and b.
15
Let v(b) = b**2 + 2*b - 3. Let p be v(7). What is the greatest common factor of 12 and p?
12
Let i = 24 + -12. Suppose i + 3 = 3*c. Suppose 4*s + 33 = y, -4*s + 136 = c*y + 19. What is the greatest common divisor of 5 and y?
5
Suppose q + q - 4*r = -2, -3*q + 3*r = -12. Suppose -5*x + 23 = -22. What is the greatest common factor of q and x?
9
Let u = -13 + 24. Let f(v) = 2*v - 16. Let s be f(u). Calculate the highest common divisor of 2 and s.
2
Suppose -96 = -2*d - 26. Suppose -5*o - 2*n + 75 = 0, 3*o + d = -2*n + 84. Calculate the highest common factor of 13 and o.
13
Let r = 65 + -51. What is the highest common factor of r and 2?
2
Let q(v) = 76*v**2 - v. Let r be q(-1). Let z be -4*(-2 - (-6)/(-3)). Suppose -z = -5*j + 19. What is the highest common factor of j and r?
7
Let k be (-12)/(-6) - -1*3. Let y(t) = -t**3 + t - 2*t + 6 - 7*t**2 - 6*t + 0*t**3. Let i be y(-7). Calculate the highest common divisor of i and k.
5
Suppose 0 = -5*g - j - 6 + 24, 3*g + 3*j = 6. Suppose -3*y = -g*z + 163, z - 23 = -y + 16. Suppose z = u + 4*u. What is the greatest common divisor of 8 and u?
8
Let q be 10*(21 + (-4)/2). Calculate the highest common factor of 19 and q.
19
Suppose -10*p + 90 = -7*p. Calculate the highest common factor of 12 and p.
6
Let f = 1 - -2. Let y(m) be the second derivative of 2*m**4/3 - 5*m**3/6 + 3*m**2/2 + m. Let n be y(f). What is the greatest common divisor of 15 and n?
15
Let k be 1 - (1 - -1)/(-2). Suppose 1 = k*t - 3. Let v = -15 + 33. What is the highest common factor of t and v?
2
Suppose 2*m = 188 + 722. Suppose 5*s - m = -3*q, -273 = -3*s + q + 2*q. Calculate the greatest common divisor of s and 13.
13
Suppose 30*f - 25*f = 220. Calculate the highest common divisor of f and 11.
11
Suppose -5*f = 2*t + 26, -t = -3*f - f - 13. Let j be (-25)/(-9) - f/18. Let z be j/(0 + 3)*13. Calculate the greatest common factor of 13 and z.
13
Let g(h) = -h**3 + 6*h**2 - 2*h - 3. Let b be g(5). Suppose -o + b = 3*o. What is the greatest common factor of o and 9?
3
Let i = 16 + -11. What is the highest common factor of i and 15?
5
Let y(r) = -r + 51. Let l be y(-12). Calculate the highest common factor of l and 14.
7
Let l = 670 - 472. What is the greatest common factor of l and 18?
18
Let b(w) = -w**3 - 5*w**2 + 2. Let s be b(-5). Suppose v + 1 = s*v. Let m be (-154)/(-21) - (-6)/9. Calculate the highest common factor of v and m.
1
Let k = 7 - 8. Let p(d) = 37*d**2 - d. Let n be p(k). What is the highest common divisor of n and 95?
19
Let c(p) = 14*p - 3. Let i be c(3). What is the greatest common factor of i and 13?
13
Let f be 7/2 - (-3 - (-3)/2). What is the highest common divisor of 40 and f?
5
Let d be (-6)/21 + (-284)/(-14). What is the greatest common factor of d and 8?
4
Let f be 0*(2/(-4) - -1). Let i = -8 + f. Let l = -5 - i. What is the greatest common divisor of 21 and l?
3
Suppose 2*h + 2*h - 252 = 0. Calculate the greatest common factor of h and 7.
7
Let a(c) = c**3 - 5*c**2 + 5*c + 3. Let n be a(4). What is the greatest common divisor of 77 and n?
7
Suppose -4*u + 0*u = 360. Let i = 126 + u. Let d be 94/4 + (-1)/(-2). Calculate the highest common factor of d and i.
12
Let b(d) = -d - 1. Let h = 5 + -6. Let z be b(h). Suppose 5*r + 9*y = 4*y + 40, -3*r - 2*y + 19 = z. What is the highest common divisor of r and 2?
1
Suppose -t - 2 + 4 = 0. Let c 